{"id":270,"date":"2016-09-15T07:41:23","date_gmt":"2016-09-15T07:41:23","guid":{"rendered":"https:\/\/www.saladalmau.com\/ca\/?page_id=270"},"modified":"2025-04-06T14:02:51","modified_gmt":"2025-04-06T12:02:51","slug":"contactar","status":"publish","type":"page","link":"https:\/\/www.saladalmau.com\/ca\/contactar\/","title":{"rendered":"Contactar"},"content":{"rendered":"<section class=\"wpb-content-wrapper\"><p>[vc_row][vc_column width=&#8221;1\/2&#8243;][vc_column_text]<\/p>\n<p style=\"font-size: 22px; font-weight: 900; color: #000; padding-bottom: 15px;\">SALA DALMAU<\/p>\n<p style=\"color: #000;\">La nostra galeria est\u00e0 situada al cor de la ciutat de Barcelona, al<br \/>Carrer Consell de Cent, cantonada Passeig de Gr\u00e0cia.<br \/>El nostre <strong>horari<\/strong> \u00e9s de dilluns a divendres 10:30 a 14: 00h i de 16:30 a 20 h.<\/p>\n<p style=\"color: #000;\">Els dissabtes de juliol la galeria romandr\u00e0 tancada. Els dissabtes de setembre obrim partir del dia 15.<br \/>A l&#8217;agost la galeria tanca per vacances, obrim exclusivament amb cita pr\u00e8via.<\/p>\n<p style=\"padding-left: 15px; color: #000;\">C\/Consell de Cent 349 \u00b7 08007 Barcelona<\/p>\n<p><a href=\"https:\/\/www.saladalmau.com\">www.saladalmau.com <\/a><br \/><a href=\"mailto:saladalmau@saladalmau.com\">saladalmau@saladalmau.com<\/a><\/p>\n<p>[\/vc_column_text][\/vc_column][vc_column width=&#8221;1\/2&#8243;][vc_column_text]<\/p>\n<p style=\"font-size: 22px; font-weight: 900; color: #000; padding-bottom: 15px;\">SOL\u00b7LICITI INFORMACI\u00d3<\/p>\n<p style=\"color: #000;\">Si desitja rebre informaci\u00f3 sobre les nostres exposicions ompli el formulari.<\/p>\n<p>[\/vc_column_text]\n<div class=\"wpcf7 no-js\" id=\"wpcf7-f2949-o1\" lang=\"es-ES\" dir=\"ltr\">\n<div class=\"screen-reader-response\"><p role=\"status\" aria-live=\"polite\" aria-atomic=\"true\"><\/p> <ul><\/ul><\/div>\n<form action=\"\/ca\/wp-json\/wp\/v2\/pages\/270#wpcf7-f2949-o1\" method=\"post\" class=\"wpcf7-form init cf7_custom_style_3\" aria-label=\"Contact form\" novalidate=\"novalidate\" data-status=\"init\">\n<div style=\"display: none;\">\n<input type=\"hidden\" name=\"_wpcf7\" value=\"2949\" \/>\n<input type=\"hidden\" name=\"_wpcf7_version\" value=\"5.7.7\" \/>\n<input type=\"hidden\" name=\"_wpcf7_locale\" value=\"es_ES\" \/>\n<input type=\"hidden\" name=\"_wpcf7_unit_tag\" value=\"wpcf7-f2949-o1\" \/>\n<input type=\"hidden\" name=\"_wpcf7_container_post\" value=\"0\" \/>\n<input type=\"hidden\" name=\"_wpcf7_posted_data_hash\" value=\"\" \/>\n<input type=\"hidden\" name=\"_wpcf7_recaptcha_response\" value=\"\" \/>\n<\/div>\n<p><span class=\"wpcf7-form-control-wrap\" data-name=\"your-name\"><input size=\"40\" maxlength=\"50\" class=\"wpcf7-form-control wpcf7-text wpcf7-validates-as-required contact-input-one\" aria-required=\"true\" aria-invalid=\"false\" placeholder=\"Nom\" value=\"\" type=\"text\" name=\"your-name\" \/><\/span><span class=\"wpcf7-form-control-wrap\" data-name=\"your-email\"><input size=\"40\" maxlength=\"100\" class=\"wpcf7-form-control wpcf7-text wpcf7-email wpcf7-validates-as-required wpcf7-validates-as-email contact-input-two\" aria-required=\"true\" aria-invalid=\"false\" placeholder=\"Correu electr\u00f2nic\" value=\"\" type=\"email\" name=\"your-email\" \/><\/span><br \/>\n<span class=\"wpcf7-form-control-wrap\" data-name=\"your-message\"><textarea cols=\"40\" rows=\"10\" class=\"wpcf7-form-control wpcf7-textarea\" aria-invalid=\"false\" placeholder=\"El teu missatge\" name=\"your-message\"><\/textarea><\/span><br \/>\n<span class=\"wpcf7-form-control-wrap\" data-name=\"acceptance-357\"><span class=\"wpcf7-form-control wpcf7-acceptance\"><span class=\"wpcf7-list-item\"><input type=\"checkbox\" name=\"acceptance-357\" value=\"1\" aria-invalid=\"false\" \/><\/span><\/span><\/span> Accepto la <a href=\"https:\/\/www.saladalmau.com\/privacy\/?iframe=true&width=80%&height=80%\" data-rel=\"prettyPhoto\">Pol\u00edtica de privacitat<\/a>\n<\/p>\n<p><input class=\"wpcf7-form-control has-spinner wpcf7-submit\" type=\"submit\" value=\"Enviar\" \/>\n<\/p><div class=\"wpcf7-response-output\" aria-hidden=\"true\"><\/div>\n<\/form>\n<\/div>\n[vc_empty_space][vc_column_text]<\/p>\n<p>Si desitja rebre la nostra newsletter, introdueix el teu email<\/p>\n<div class=\"wpcf7 no-js\" id=\"wpcf7-f33270-o2\" lang=\"es-ES\" dir=\"ltr\">\n<div class=\"screen-reader-response\"><p role=\"status\" aria-live=\"polite\" aria-atomic=\"true\"><\/p> <ul><\/ul><\/div>\n<form action=\"\/ca\/wp-json\/wp\/v2\/pages\/270#wpcf7-f33270-o2\" method=\"post\" class=\"wpcf7-form init\" aria-label=\"Contact form\" novalidate=\"novalidate\" data-status=\"init\">\n<div style=\"display: none;\">\n<input type=\"hidden\" name=\"_wpcf7\" value=\"33270\" \/>\n<input type=\"hidden\" name=\"_wpcf7_version\" value=\"5.7.7\" \/>\n<input type=\"hidden\" name=\"_wpcf7_locale\" value=\"es_ES\" \/>\n<input type=\"hidden\" name=\"_wpcf7_unit_tag\" value=\"wpcf7-f33270-o2\" \/>\n<input type=\"hidden\" name=\"_wpcf7_container_post\" value=\"0\" \/>\n<input type=\"hidden\" name=\"_wpcf7_posted_data_hash\" value=\"\" \/>\n<input type=\"hidden\" name=\"_wpcf7_recaptcha_response\" value=\"\" \/>\n<\/div>\n<div class=\"newsletter_form\">\n\t<p><span class=\"wpcf7-form-control-wrap\" data-name=\"your-email\"><input size=\"40\" class=\"wpcf7-form-control wpcf7-text wpcf7-email wpcf7-validates-as-required wpcf7-validates-as-email\" aria-required=\"true\" aria-invalid=\"false\" placeholder=\"NEWSLETTER\" value=\"\" type=\"email\" name=\"your-email\" \/><\/span><input class=\"wpcf7-form-control has-spinner wpcf7-submit\" type=\"submit\" value=\"SUBSCRIURE\" \/>\n\t<\/p>\n<\/div><div class=\"wpcf7-response-output\" aria-hidden=\"true\"><\/div>\n<\/form>\n<\/div>\n[\/vc_column_text][\/vc_column][\/vc_row][vc_row][vc_column]<div class=\"edgtf-separator-holder clearfix  edgtf-separator-center\">\n\t<div class=\"edgtf-separator\" style=\"margin-top: 40px\"><\/div>\n<\/div>\n[\/vc_column][\/vc_row][vc_row][vc_column]<div class=\"edgtf-google-map-holder\">\n\t<div class=\"edgtf-google-map\" id=\"edgtf-map-837549\" data-addresses='[\"Sala Dalmau\",\"Consell de Cent 349, Barcelona\"]' data-custom-map-style=true data-color-overlay=#ffffff data-saturation=-100 data-lightness=1 data-zoom=14 data-pin=https:\/\/www.saladalmau.com\/wp-content\/uploads\/2016\/07\/icona_place.png data-unique-id=837549 data-scroll-wheel=false data-height=555><\/div>\n\t\t\t<div class=\"edgtf-google-map-overlay\"><\/div>\n\t<\/div>\n[\/vc_column][\/vc_row][vc_row][vc_column]<div class=\"edgtf-separator-holder clearfix  edgtf-separator-center\">\n\t<div class=\"edgtf-separator\" style=\"margin-top: 40px\"><\/div>\n<\/div>\n[\/vc_column][\/vc_row]<\/p>\n<\/section>","protected":false},"excerpt":{"rendered":"<p>[vc_row][vc_column width=&#8221;1\/2&#8243;][vc_column_text] SALA DALMAU La nostra galeria est\u00e0 situada al cor de la ciutat de Barcelona, alCarrer Consell de Cent, cantonada Passeig de Gr\u00e0cia.El nostre horari \u00e9s de dilluns a divendres 10:30 a 14: 00h i de 16:30 a 20 h. Els dissabtes de juliol [&hellip;]<\/p>\n","protected":false},"author":2,"featured_media":0,"parent":0,"menu_order":0,"comment_status":"closed","ping_status":"closed","template":"","meta":[],"acf":[],"_links":{"self":[{"href":"https:\/\/www.saladalmau.com\/ca\/wp-json\/wp\/v2\/pages\/270"}],"collection":[{"href":"https:\/\/www.saladalmau.com\/ca\/wp-json\/wp\/v2\/pages"}],"about":[{"href":"https:\/\/www.saladalmau.com\/ca\/wp-json\/wp\/v2\/types\/page"}],"author":[{"embeddable":true,"href":"https:\/\/www.saladalmau.com\/ca\/wp-json\/wp\/v2\/users\/2"}],"replies":[{"embeddable":true,"href":"https:\/\/www.saladalmau.com\/ca\/wp-json\/wp\/v2\/comments?post=270"}],"version-history":[{"count":19,"href":"https:\/\/www.saladalmau.com\/ca\/wp-json\/wp\/v2\/pages\/270\/revisions"}],"predecessor-version":[{"id":49943,"href":"https:\/\/www.saladalmau.com\/ca\/wp-json\/wp\/v2\/pages\/270\/revisions\/49943"}],"wp:attachment":[{"href":"https:\/\/www.saladalmau.com\/ca\/wp-json\/wp\/v2\/media?parent=270"}],"curies":[{"name":"wp","href":"https:\/\/api.w.org\/{rel}","templated":true}]}}

<section class="wpb-content-wrapper"><p>[vc_row][vc_column width=&#8221;1/2&#8243;][vc_column_text]</p>
<p style="font-size: 22px; font-weight: 900; color: #000; padding-bottom: 15px;">SALA DALMAU</p>
<p style="color: #000;">La nostra galeria està situada al cor de la ciutat de Barcelona, al<br />Carrer Consell de Cent, cantonada Passeig de Gràcia.<br />El nostre <strong>horari</strong> és de dilluns a divendres 10:30 a 14: 00h i de 16:30 a 20 h.</p>
<p style="color: #000;">Els dissabtes de juliol la galeria romandrà tancada. Els dissabtes de setembre obrim partir del dia 15.<br />A l&#8217;agost la galeria tanca per vacances, obrim exclusivament amb cita prèvia.</p>
<p style="padding-left: 15px; color: #000;">C/Consell de Cent 349 · 08007 Barcelona</p>
<p><a href="https://www.saladalmau.com">www.saladalmau.com </a><br /><a href="mailto:saladalmau@saladalmau.com">saladalmau@saladalmau.com</a></p>
<p>[/vc_column_text][/vc_column][vc_column width=&#8221;1/2&#8243;][vc_column_text]</p>
<p style="font-size: 22px; font-weight: 900; color: #000; padding-bottom: 15px;">SOL·LICITI INFORMACIÓ</p>
<p style="color: #000;">Si desitja rebre informació sobre les nostres exposicions ompli el formulari.</p>
<p>[/vc_column_text]
<div class="wpcf7 no-js" id="wpcf7-f2949-o1" lang="es-ES" dir="ltr">
<div class="screen-reader-response"><p role="status" aria-live="polite" aria-atomic="true"></p> <ul></ul></div>
<form action="/ca/wp-json/wp/v2/pages/270#wpcf7-f2949-o1" method="post" class="wpcf7-form init cf7_custom_style_3" aria-label="Contact form" novalidate="novalidate" data-status="init">
<div style="display: none;">
<input type="hidden" name="_wpcf7" value="2949" />
<input type="hidden" name="_wpcf7_version" value="5.7.7" />
<input type="hidden" name="_wpcf7_locale" value="es_ES" />
<input type="hidden" name="_wpcf7_unit_tag" value="wpcf7-f2949-o1" />
<input type="hidden" name="_wpcf7_container_post" value="0" />
<input type="hidden" name="_wpcf7_posted_data_hash" value="" />
<input type="hidden" name="_wpcf7_recaptcha_response" value="" />
</div>
<p><span class="wpcf7-form-control-wrap" data-name="your-name"><input size="40" maxlength="50" class="wpcf7-form-control wpcf7-text wpcf7-validates-as-required contact-input-one" aria-required="true" aria-invalid="false" placeholder="Nom" value="" type="text" name="your-name" /></span><span class="wpcf7-form-control-wrap" data-name="your-email"><input size="40" maxlength="100" class="wpcf7-form-control wpcf7-text wpcf7-email wpcf7-validates-as-required wpcf7-validates-as-email contact-input-two" aria-required="true" aria-invalid="false" placeholder="Correu electrònic" value="" type="email" name="your-email" /></span><br />
<span class="wpcf7-form-control-wrap" data-name="your-message"><textarea cols="40" rows="10" class="wpcf7-form-control wpcf7-textarea" aria-invalid="false" placeholder="El teu missatge" name="your-message"></textarea></span><br />
<span class="wpcf7-form-control-wrap" data-name="acceptance-357"><span class="wpcf7-form-control wpcf7-acceptance"><span class="wpcf7-list-item"><input type="checkbox" name="acceptance-357" value="1" aria-invalid="false" /></span></span></span> Accepto la <a href="https://www.saladalmau.com/privacy/?iframe=true&width=80%&height=80%" data-rel="prettyPhoto">Política de privacitat</a>
</p>
<p><input class="wpcf7-form-control has-spinner wpcf7-submit" type="submit" value="Enviar" />
</p><div class="wpcf7-response-output" aria-hidden="true"></div>
</form>
</div>
[vc_empty_space][vc_column_text]</p>
<p>Si desitja rebre la nostra newsletter, introdueix el teu email</p>
<div class="wpcf7 no-js" id="wpcf7-f33270-o2" lang="es-ES" dir="ltr">
<div class="screen-reader-response"><p role="status" aria-live="polite" aria-atomic="true"></p> <ul></ul></div>
<form action="/ca/wp-json/wp/v2/pages/270#wpcf7-f33270-o2" method="post" class="wpcf7-form init" aria-label="Contact form" novalidate="novalidate" data-status="init">
<div style="display: none;">
<input type="hidden" name="_wpcf7" value="33270" />
<input type="hidden" name="_wpcf7_version" value="5.7.7" />
<input type="hidden" name="_wpcf7_locale" value="es_ES" />
<input type="hidden" name="_wpcf7_unit_tag" value="wpcf7-f33270-o2" />
<input type="hidden" name="_wpcf7_container_post" value="0" />
<input type="hidden" name="_wpcf7_posted_data_hash" value="" />
<input type="hidden" name="_wpcf7_recaptcha_response" value="" />
</div>
<div class="newsletter_form">
	<p><span class="wpcf7-form-control-wrap" data-name="your-email"><input size="40" class="wpcf7-form-control wpcf7-text wpcf7-email wpcf7-validates-as-required wpcf7-validates-as-email" aria-required="true" aria-invalid="false" placeholder="NEWSLETTER" value="" type="email" name="your-email" /></span><input class="wpcf7-form-control has-spinner wpcf7-submit" type="submit" value="SUBSCRIURE" />
	</p>
</div><div class="wpcf7-response-output" aria-hidden="true"></div>
</form>
</div>
[/vc_column_text][/vc_column][/vc_row][vc_row][vc_column]<div class="edgtf-separator-holder clearfix  edgtf-separator-center">
	<div class="edgtf-separator" style="margin-top: 40px"></div>
</div>
[/vc_column][/vc_row][vc_row][vc_column]<div class="edgtf-google-map-holder">
	<div class="edgtf-google-map" id="edgtf-map-837549" data-addresses='["Sala Dalmau","Consell de Cent 349, Barcelona"]' data-custom-map-style=true data-color-overlay=#ffffff data-saturation=-100 data-lightness=1 data-zoom=14 data-pin=https://www.saladalmau.com/wp-content/uploads/2016/07/icona_place.png data-unique-id=837549 data-scroll-wheel=false data-height=555></div>
			<div class="edgtf-google-map-overlay"></div>
	</div>
[/vc_column][/vc_row][vc_row][vc_column]<div class="edgtf-separator-holder clearfix  edgtf-separator-center">
	<div class="edgtf-separator" style="margin-top: 40px"></div>
</div>
[/vc_column][/vc_row]</p>
</section>

<p>[vc_row][vc_column width=&#8221;1/2&#8243;][vc_column_text] SALA DALMAU La nostra galeria està situada al cor de la ciutat de Barcelona, alCarrer Consell de Cent, cantonada Passeig de Gràcia.El nostre horari és de dilluns a divendres 10:30 a 14: 00h i de 16:30 a 20 h. Els dissabtes de juliol [&hellip;]</p>
